nder when 222867 is divided by 577.
145
Calculate the remainder when 10683440 is divided by 6599.
6258
What is the remainder when 525379 is divided by 188?
107
What is the remainder when 3491564 is divided by 1745479?
606
Calculate the remainder when 19640385 is divided by 467628.
9
Calculate the remainder when 15217788 is divided by 488.
484
What is the remainder when 309013 is divided by 22?
1
Calculate the remainder when 73506371 is divided by 12251061.
5
What is the remainder when 99382235 is divided by 57?
56
Calculate the remainder when 38445 is divided by 29997.
8448
Calculate the remainder when 5023535 is divided by 781.
143
Calculate the remainder when 37039833 is divided by 95.
93
Calculate the remainder when 980866 is divided by 5219.
4913
Calculate the remainder when 175846521 is divided by 4605.
4596
What is the remainder when 182971 is divided by 1144?
1075
What is the remainder when 18105 is divided by 8637?
831
Calculate the remainder when 80053 is divided by 39280.
1493
What is the remainder when 196710 is divided by 1679?
267
Calculate the remainder when 22315814 is divided by 5578945.
34
What is the remainder when 118981010 is divided by 40901?
1
Calculate the remainder when 9925 is divided by 9772.
153
What is the remainder when 173065 is divided by 506?
13
Calculate the remainder when 156556 is divided by 19453.
932
Calculate the remainder when 841899 is divided by 115.
99
What is the remainder when 446584 is divided by 7569?
13
Calculate the remainder when 11661536 is divided by 832966.
12
Calculate the remainder when 3996784 is divided by 729.
406
Calculate the remainder when 41294559 is divided by 142395.
9
What is the remainder when 4905734 is divided by 198?
86
What is the remainder when 271197 is divided by 135534?
129
What is the remainder when 1125030621 is divided by 272?
269
Calculate the remainder when 4803117 is divided by 120077.
37
What is the remainder when 1569104 is divided by 971?
939
What is the remainder when 2201481 is divided by 183454?
33
What is the remainder when 5216634 is divided by 520?
514
What is the remainder when 15914925 is divided by 162397?
19
Calculate the remainder when 451835 is divided by 187.
43
What is the remainder when 1522939 is divided by 507645?
4
Calculate the remainder when 13694677 is divided by 1614.
1501
Calculate the remainder when 259432 is divided by 347.
223
Calculate the remainder when 277290 is divided by 69310.
50
Calculate the remainder when 4628307 is divided by 45.
12
Calculate the remainder when 2686883 is divided by 40.
3
What is the remainder when 1139236 is divided by 930?
916
Calculate the remainder when 52194 is divided by 43.
35
What is the remainder when 2625733 is divided by 1312861?
11
Calculate the remainder when 16023676 is divided by 214.
212
Calculate the remainder when 3559892 is divided by 206.
6
What is the remainder when 12063833 is divided by 3015957?
5
Calculate the remainder when 385394 is divided by 3108.
2
What is the remainder when 206254811 is divided by 102?
101
What is the remainder when 48921488 is divided by 518?
14
What is the remainder when 12735605 is divided by 138?
137
Calculate the remainder when 22418 is divided by 3337.
2396
What is the remainder when 147947812 is divided by 366?
364
Calculate the remainder when 82606 is divided by 2469.
1129
What is the remainder when 79939 is divided by 79934?
5
What is the remainder when 77684 is divided by 428?
216
What is the remainder when 371837 is divided by 14544?
8237
What is the remainder when 4712353 is divided by 3776?
3681
What is the remainder when 265982 is divided by 90?
32
What is the remainder when 652973 is divided by 3678?
1967
What is the remainder when 27139820 is divided by 45?
5
Calculate the remainder when 14504053 is divided by 1208668.
37
Calculate the remainder when 25842639 is divided by 3647.
3644
What is the remainder when 7635276 is divided by 1666?
1664
Calculate the remainder when 5180732 is divided by 610.
2
Calculate the remainder when 118437693 is divided by 96.
93
What is the remainder when 153637115 is divided by 7068?
7067
Calculate the remainder when 668486 is divided by 4016.
1830
What is the remainder when 16938542 is divided by 184114?
54
Calculate the remainder when 2674203 is divided by 173.
142
Calculate the remainder when 4288319 is divided by 151.
70
What is the remainder when 2003219 is divided by 286172?
15
Calculate the remainder when 19160 is divided by 18944.
216
What is the remainder when 60156975 is divided by 4193?
4
What is the remainder when 6783857 is divided by 6?
5
Calculate the remainder when 2570413 is divided by 2409.
10
What is the remainder when 4118507 is divided by 172?
139
Calculate the remainder when 181139382 is divided by 143.
138
What is the remainder when 1493117 is divided by 8?
5
What is the remainder when 7134510 is divided by 236?
230
What is the remainder when 10935271 is divided by 6532?
703
Calculate the remainder when 2991783 is divided by 997245.
48
Calculate the remainder when 312218 is divided by 38927.
802
Calculate the remainder when 234006944 is divided by 1318.
1316
What is the remainder when 27970180 is divided by 90?
70
What is the remainder when 75394710 is divided by 393?
18
Calculate the remainder when 1218240 is divided by 4047.
93
What is the remainder when 2635390 is divided by 164710?
30
What is the remainder when 22971198 is divided by 160?
158
Calculate the remainder when 12461358 is divided by 6230555.
248
Calculate the remainder when 51268 is divided by 2021.
743
What is the remainder when 4379293 is divided by 1094819?
17
What is the remainder when 15355716 is divided by 92?
88
What is the remainder when 594796 is divided by 39653?
1
What is the remainder when 28414 is divided by 6879?
898
Calculate the remainder when 701304 is divided by 13.
6
What is the remainder when 157447 is divided by 215?
67
Calculate the remainder when 27096 is divided by 1637.
904
Calculate the remainder when 644840 is divided by 186.
164
What is the remainder when 120987 is divided by 30202?
179
What is the remainder when 94056382 is divided by 19?
17
Calculate the remainder when 85457903 is divided by 3208.
3199
What is the remainder when 17419873 is divided by 123?
121
What is the remainder when 141864 is divided by 3684?
1872
What is the remainder when 13379706 is divided by 2675941?
1
Calculate the remainder when 404891 is divided by 67473.
53
What is the remainder when 58826094 is divided by 31?
29
Calculate the remainder when 18098 is divided by 18010.
88
Calculate the remainder when 81874 is divided by 40904.
66
Calculate the remainder when 261604 is divided by 512.
484
What is the remainder when 390824 is divided by 196?
0
What is the remainder when 4913828 is divided by 12?
8
What is the remainder when 204475 is divided by 3689?
1580
Calculate the remainder when 681715 is divided by 235.
215
Calculate the remainder when 1738616090 is divided by 1951.
1950
What is the remainder when 304024 is divided by 302115?
1909
Calculate the remainder when 2767765 is divided by 185.
165
What is the remainder when 1303918 is divided by 24600?
118
What is the remainder when 673742744 is divided by 14176?
14168
What is the remainder when 2427036 is divided by 346651?
479
What is the remainder when 215941 is divided by 42102?
5431
Calculate the remainder when 312845 is divided by 301050.
11795
What is the remainder when 165279 is divided by 848?
767
Calculate the remainder when 14713191 is divided by 14802.
3
What is the remainder when 87210832 is divided by 15?
7
What is the remainder when 12118401 is divided by 21186?
9
Calculate the remainder when 20522 is divided by 254.
202
What is the remainder when 16944085 is divided by 649?
642
What is the remainder when 491286 is divided by 488886?
2400
What is the remainder when 1230228 is divided by 91?
90
What is the remainder when 557815 is divided by 2967?
19
What is the remainder when 1031231 is divided by 23980?
91
Calculate the remainder when 233905 is divided by 115747.
2411
Calculate the remainder when 4608088 is divided by 32.
24
Calculate the remainder when 82484687 is divided by 265.
257
What is the remainder when 27043156 is divided by 330?
316
Calculate the 